{"id":12,"date":"2023-06-25T17:02:04","date_gmt":"2023-06-25T17:02:04","guid":{"rendered":"https:\/\/garikas.lv\/new\/?page_id=12"},"modified":"2025-08-19T20:03:55","modified_gmt":"2025-08-19T17:03:55","slug":"contact","status":"publish","type":"page","link":"https:\/\/garikas.lv\/new\/index.php\/contact\/","title":{"rendered":"Kontakti"},"content":{"rendered":"\n<p><strong>&#8220;Gar\u012bkas&#8221;, Rudb\u0101r\u017eu pagasts, Kuld\u012bgas novads, LV-3325, Latvija<br>T\u0101lrunis +371 29147778<br>E-pasts: info@garikas.lv<\/strong><\/p>\n\n\n\n<p>Braucot pa autoce\u013cu R\u012bga-Liep\u0101ja (A9) no R\u012bgas, izbrauciet cauri Skrundai. 300m aiz Skrundas pils\u0113tas robe\u017eas labaj\u0101 pus\u0113 ir ce\u013ca z\u012bme &#8220;Aizpute 27&#8221; (P117). Pa \u0161o ce\u013cu Aizputes virzien\u0101 brauciet 8,2km l\u012bdz kreisaj\u0101 pus\u0113 ieraudz\u012bsiet z\u012bmi &#8220;Gar\u012bkas, \u0161itaki s\u0113nes&#8221;. Nogriezieties pa labi un brauciet v\u0113l apm\u0113ram 1,4km l\u012bdz viesu m\u0101jai &#8220;Gar\u012bkas&#8221;.<\/p>\n\n\n\n<pre class=\"wp-block-code\"><code><iframe loading=\"lazy\" src=\"https:\/\/www.google.com\/maps\/embed?pb=!1m18!1m12!1m3!1d2190.3871635753135!2d21.869181851689277!3d56.70196098072375!2m3!1f0!2f0!3f0!3m2!1i1024!2i768!4f13.1!3m3!1m2!1s0x46efef4861e89461%3A0x39713555690506e!2zVmllc3UgbcSBamEgR2FyxKtrYXM!5e0!3m2!1sen!2slv!4v1597389168320!5m2!1sen!2slv\" width=\"600\" height=\"450\" frameborder=\"0\" style=\"border:0;\" allowfullscreen=\"\" aria-hidden=\"false\" tabindex=\"0\"><\/iframe><\/code><\/pre>\n\n\n\n<pre class=\"wp-block-code\"><code><\/code><\/pre>\n\n\n\n<p class=\"has-small-font-size\"><a href=\"https:\/\/www.google.com\/travel\/search?q=gar\u012bkas&amp;g2lb=2502548%2C2503771%2C2503781%2C4258168%2C4270442%2C4284970%2C4291517%2C4306835%2C4429192%2C4597339%2C4754388%2C4757164%2C4814050%2C4850738%2C4864715%2C4874190%2C4886480%2C4893075%2C4924070%2C4965990%2C4985712%2C4990494%2C72248281%2C72254381%2C72271797%2C72276651%2C72281254%2C72283990%2C72286089%2C72291811&amp;hl=en-LV&amp;gl=lv&amp;ssta=1&amp;ts=CAESABpGCigSJjIkMHg0NmVmZWY0ODYxZTg5NDYxOjB4Mzk3MTM1NTU2OTA1MDZlEhoSFAoHCOcPEAYYGxIHCOcPEAYYHBgBMgIQAA&amp;qs=CAEyE0Nnb0k3cURCdE5YcXhNc0RFQUU4AkILCW5QkFZVE5cDGAFCCwluUJBWVROXAxgB&amp;ap=KigKEgm0lYPdOVlMQBF4xUJPAN41QBISCRAjPCaIWkxAEXjFQne43zVAugEHcmV2aWV3cw&amp;ictx=1&amp;ved=0CAAQ5JsGahcKEwiwkJr2h9__AhUAAAAAHQAAAAAQCw\" target=\"_blank\" rel=\"noreferrer noopener\">B\u016bsim pateic\u012bgi par J\u016bsu atsauksm\u0113m un koment\u0101riem!<\/a><\/p>\n","protected":false},"excerpt":{"rendered":"<p>&#8220;Gar\u012bkas&#8221;, Rudb\u0101r\u017eu pagasts, Kuld\u012bgas novads, LV-3325, LatvijaT\u0101lrunis +371 29147778E-pasts: info@garikas.lv Braucot pa autoce\u013cu R\u012bga-Liep\u0101ja (A9) no R\u012bgas, izbrauciet cauri Skrundai. 300m aiz Skrundas pils\u0113tas robe\u017eas labaj\u0101 pus\u0113 ir ce\u013ca z\u012bme &#8220;Aizpute 27&#8221; (P117). Pa \u0161o ce\u013cu Aizputes virzien\u0101 brauciet 8,2km l\u012bdz kreisaj\u0101 pus\u0113 ieraudz\u012bsiet z\u012bmi &#8220;Gar\u012bkas, \u0161itaki s\u0113nes&#8221;. Nogriezieties pa labi un brauciet v\u0113l apm\u0113ram &hellip; <\/p>\n<p class=\"link-more\"><a href=\"https:\/\/garikas.lv\/new\/index.php\/contact\/\" class=\"more-link\">Turpin\u0101t las\u012bt<span class=\"screen-reader-text\"> &#8220;Kontakti&#8221;<\/span><\/a><\/p>\n","protected":false},"author":1,"featured_media":268,"parent":0,"menu_order":0,"comment_status":"closed","ping_status":"closed","template":"","meta":{"footnotes":""},"class_list":["post-12","page","type-page","status-publish","has-post-thumbnail","hentry"],"_links":{"self":[{"href":"https:\/\/garikas.lv\/new\/index.php\/wp-json\/wp\/v2\/pages\/12","targetHints":{"allow":["GET"]}}],"collection":[{"href":"https:\/\/garikas.lv\/new\/index.php\/wp-json\/wp\/v2\/pages"}],"about":[{"href":"https:\/\/garikas.lv\/new\/index.php\/wp-json\/wp\/v2\/types\/page"}],"author":[{"embeddable":true,"href":"https:\/\/garikas.lv\/new\/index.php\/wp-json\/wp\/v2\/users\/1"}],"replies":[{"embeddable":true,"href":"https:\/\/garikas.lv\/new\/index.php\/wp-json\/wp\/v2\/comments?post=12"}],"version-history":[{"count":11,"href":"https:\/\/garikas.lv\/new\/index.php\/wp-json\/wp\/v2\/pages\/12\/revisions"}],"predecessor-version":[{"id":271,"href":"https:\/\/garikas.lv\/new\/index.php\/wp-json\/wp\/v2\/pages\/12\/revisions\/271"}],"wp:featuredmedia":[{"embeddable":true,"href":"https:\/\/garikas.lv\/new\/index.php\/wp-json\/wp\/v2\/media\/268"}],"wp:attachment":[{"href":"https:\/\/garikas.lv\/new\/index.php\/wp-json\/wp\/v2\/media?parent=12"}],"curies":[{"name":"wp","href":"https:\/\/api.w.org\/{rel}","templated":true}]}}